 the highest common factor of z and 26?
26
Let m(y) = 16*y**2 - 4*y - 6. Let o be m(-3). What is the highest common factor of o and 15?
15
Suppose -26*p + r + 21 = -25*p, 5*p + 5*r - 105 = 0. Calculate the highest common divisor of 525 and p.
21
Let f(k) = 0*k**2 + 5*k**2 + 7 + 3*k - 4*k**2. Let p = -207 - -202. Let d be f(p). What is the greatest common factor of 17 and d?
17
Let k(p) be the first derivative of p**4/4 + 16*p**3/3 - 9*p**2 + 10*p + 26. Let f be k(-17). Calculate the highest common divisor of 297 and f.
27
Suppose 2*w - 4*y = -0*y + 22, 4*w = -2*y + 34. Suppose -6*r + 5*r = -2, n - 5*r - 62 = 0. What is the highest common divisor of n and w?
9
Let k = 2 - 0. Suppose -2*c + 155 = -5*u, 200 = 3*c - k*u + u. What is the highest common factor of c and 39?
13
Let u be 5 - (4 - 4 - -2). Suppose -3 = -q + 2, -g = -u*q - 17. What is the greatest common factor of g and 80?
16
Let o be 11/77*(0 + 2 + 89). What is the highest common factor of o and 1079?
13
Suppose -4*c - c + 435 = 0. Let r = 57 - c. Let z be (48/r)/((-1)/5). What is the greatest common divisor of z and 72?
8
Let r be 20 - (3 + (-16)/2 - -2). Suppose -27*a + 360 = -r*a. Calculate the greatest common factor of 10 and a.
10
Let u be (-7)/(-21)*(47 - -1). Let d = -15 + 37. Let w = d - u. Calculate the greatest common factor of 54 and w.
6
Let q(g) = 9*g. Let o be q(1). Let k = -8 + o. Let p be 29/2 - k/2. Calculate the highest common divisor of 154 and p.
14
Suppose 6*x + 2*s - 71 = x, x = 3*s + 4. Suppose 36 = 16*k - x*k. Calculate the greatest common divisor of k and 60.
12
Let f(h) = -h**2 - 16*h - 40. Let m be f(-12). Suppose -m*c + 64 = -0*c. Calculate the greatest common divisor of 56 and c.
8
Suppose 21 + 11 = 4*i. Let n = 12 - i. Suppose f - 6*f = 4*y - 68, 4*f - 40 = 4*y. Calculate the greatest common divisor of n and f.
4
Let w(a) = a**3 + 7*a**2 + 4*a - 7. Suppose n = 2*n + 5. Let q be w(n). Suppose -2*v - 29 = -75. What is the greatest common divisor of q and v?
23
Let x = 177 - -455. Suppose -7*q - x = 5. Let d be (156/q)/(1/(-7)). Calculate the greatest common factor of d and 48.
12
Let d = 46 - 14. Let o be -9*15/((-225)/22)*10 - 4. Calculate the highest common divisor of d and o.
32
Let g(d) = 2*d**2 + 63*d + 173. Let b be g(-32). What is the highest common factor of b and 82?
41
Let b(g) be the third derivative of -g**6/30 + g**4/6 + 5*g**3/6 + 4*g**2. Let a be b(-2). Calculate the greatest common factor of 203 and a.
29
Let j be ((-10)/4)/(6/216*-1). What is the greatest common divisor of j and 40?
10
Let l(a) = 5*a**3 + 4*a**2 - 8*a + 23. Let b be l(4). Calculate the highest common factor of b and 30.
15
Let p = 319 + -287. Calculate the greatest common factor of 160 and p.
32
Let u = -407 - -575. What is the highest common divisor of u and 224?
56
Let o(n) = 3*n**2 - 2*n + 14. Let g be o(0). Suppose 2*s + 136 = -2*s. Let l = -13 - s. Calculate the greatest common divisor of g and l.
7
Let m = 3 + 1. Let l = m - 7. Let c be (-1 - (l + 0)) + 64. What is the highest common factor of c and 44?
22
Suppose 5*q - 2*v = 296, 5*v + 0*v - 190 = -3*q. Calculate the highest common divisor of 60 and q.
60
Suppose 164*n - 160*n - 8 = 0. Suppose 3*q = -n*o - 6 + 17, -3*q = -2*o - 7. Calculate the highest common divisor of q and 5.
1
Let w be (-441)/(-8) - (-20)/(-160). Let f be (1/(3/30))/2. What is the highest common factor of f and w?
5
Suppose -12*i + 104 = -220. Calculate the greatest common factor of 1809 and i.
27
Suppose 2*h + 2*l - 20 = 0, 3*h = 2*l + 3*l + 70. Let x be (-100)/h*(-3 - 0). Let m = -7 + 15. What is the highest common factor of x and m?
4
Let k be (-264)/(-220)*-21*5*1. Let c = k - -234. Suppose j = 5 + 7. Calculate the highest common divisor of c and j.
12
Suppose -3*r = 2*d - 299, 5*r + 4*d - 515 = -14. Suppose 4*c - 31 - r = 0. Calculate the greatest common factor of c and 24.
8
Suppose 0 = l + 4*d, l - 4*d - 5 = -3*d. Suppose -z - 2*z + 2*g = -126, -l*g = -z + 42. What is the greatest common divisor of 63 and z?
21
Let c be (-1430)/1287 + 1738/9. Calculate the highest common divisor of 108 and c.
12
Let y be -10*(-234)/45*2. What is the greatest common factor of y and 325?
13
Let b be 2*(637/70 + (-2)/(-5)). Suppose -7*p - 1008 = -b*p. Calculate the greatest common factor of 14 and p.
14
Suppose -37*m = -13*m - 48. What is the greatest common factor of m and 33?
1
Let w(y) = y**3 - 8*y**2 - 8*y + 12. Let h = 22 + -13. Let f be w(h). What is the greatest common factor of 63 and f?
21
Let j = 185 + -166. What is the highest common divisor of 19 and j?
19
Let h be (-1)/(3 - 1412/472). Let m = h - -208. What is the greatest common factor of 36 and m?
18
Let h be 5/(-15)*(-835 - -19). What is the greatest common factor of 119 and h?
17
Let r be (4 - 3)/(-1) - (-3 - 0). Suppose -53 = -3*k + 3*y + 124, -r*k - 3*y + 103 = 0. Calculate the greatest common factor of k and 7.
7
Let v be 2/(-6)*2*-30. Let z(a) = -a**3 - 27*a**2 - 48*a + 60. Let p be z(-25). What is the greatest common factor of v and p?
10
Suppose -24 - 12 = -9*g. Suppose -g*y = -2*y - 168. What is the highest common divisor of 126 and y?
42
Let f be 1/3 + 3349/51. Let w(q) = -5*q**3 + 2*q**2 + 2*q + 1. Let r be w(-1). What is the greatest common factor of f and r?
6
Let b be -3*(10/25)/(3/(-5)). Suppose 0*u + b*u = 738. What is the highest common divisor of u and 41?
41
Let a be ((-12)/14)/((-99)/5313). Let q be 1 - (-3)/((-6)/(-136)). Calculate the highest common factor of q and a.
23
Let w be -4 + 2 - (2 + 1 - -20). Let y = 73 - w. What is the greatest common divisor of 42 and y?
14
Let f = -966 - -984. Calculate the highest common divisor of f and 225.
9
Let v be (-12)/18*54/(-4). What is the highest common divisor of 450 and v?
9
Let f(y) = 10*y - 31. Let m be f(5). Suppose -m*i = -14*i - 230. Calculate the highest common divisor of 69 and i.
23
Suppose 8*r = 4*r + 520. Let v = r + -54. Suppose -v = -7*u + 5*u. Calculate the highest common factor of u and 152.
38
Suppose 19*o - 4 = 23*o. Suppose -2*g + 11 = -3*k, 5*k - k + 4*g = -8. Let l be o - 6*2/k. What is the greatest common divisor of 3 and l?
3
Suppose -120 = 4*l + 16. Let u = l + 47. Suppose f = u - 3. What is the highest common divisor of 10 and f?
10
Suppose 17*h - 15*h - 36 = m, 0 = 4*m. Let r = 3 - 1. Calculate the greatest common factor of r and h.
2
Let o = 9 - 11. Let p be 90/(-35)*14/o. Suppose 0 = -4*r + 389 - 101. What is the highest common factor of p and r?
18
Suppose -4*a + 550 = -506. Suppose 10*m - 6*m = 7*m - 72. Calculate the greatest common divisor of a and m.
24
Suppose 0 = w + 1 - 5. Suppose -w*y - 12 = -7*y. Calculate the highest common factor of 4 and y.
4
Let p(i) = 5*i**2 - 49*i - 13. Let d be p(11). Calculate the greatest common divisor of d and 583.
53
Let h be (2 + 16/7)*7. Let a be (((-4968)/(-45))/(-23))/((-14)/10 - -1). What is the highest common divisor of a and h?
6
Let l(n) = n**3 + 9*n**2 + 9*n + 12. Let u be l(-8). Suppose -u*q + 5*j + 252 = 9*j, 4*j - 132 = -2*q. Calculate the highest common factor of q and 24.
12
Let i(z) = 3 - 7 - 7*z + 0. Suppose 0 = -25*y - 21*y - 184. Let a be i(y). What is the greatest common factor of a and 264?
24
Suppose 6*s + 20 + 58 = 0. Let u = 15 + s. What is the greatest common factor of u and 10?
2
Let o(t) = -t + 2. Let z be o(-5). Let j be z/35 - 1678/(-10). Let d be 1 + (2 - -19) + 2. What is the greatest common factor of d and j?
24
Suppose s - 2 = 0, -c + 2*s + 136 + 88 = 0. Suppose 4*j - c = -2*j. What is the highest common factor of 152 and j?
38
Suppose -3*o - 3*w = -15, 3*w + 1 = -o - 0. Let m be ((-6)/o)/((-2)/104). What is the highest common divisor of m and 26?
13
Let v be 78316/140 + (1 - (-14)/(-10)). Calculate the greatest common divisor of 43 and v.
43
Suppose -4*o + 36 = 2*o. Let k(v) = 3*v - 6. Let x be k(5). Let y = x + o. Calculate the greatest common factor of 10 and y.
5
Let b be (1 - 2) + -1 - -4. Suppose -b*z - 3*a = -0*z, -4*z + a + 14 = 0. Let u be (-51)/(-6) + z/(-6). What is the greatest common factor of 8 and u?
8
Suppose -176 = -0*i - 22*i. Calculate the highest common divisor of i and 32.
8
Let c = 3 + -5. Let j = 2 + c. Suppose -4*i - 13 + 81 = j. Calculate the greatest common divisor of i and 17.
17
Suppose 3*d - 230 = 220